+ 1001010011?
1001010110
In base 16, what is -2 - 137?
-139
In base 10, what is 80 + -4?
76
In base 2, what is -1011110 - 110?
-1100100
In base 13, what is -5 + 337?
332
In base 11, what is 9 - 8?
1
In base 5, what is 11 + 430?
441
In base 14, what is 4 + -39?
-35
In base 2, what is -110111 + 110?
-110001
In base 5, what is 311 - 3?
303
In base 2, what is 1 - -10011?
10100
In base 15, what is e - -4?
13
In base 15, what is 5 + -1ab9?
-1ab4
In base 12, what is -1a6 + 4?
-1a2
In base 5, what is -3 + 2314?
2311
In base 13, what is -8 - -40?
35
In base 2, what is -110 - 101010101?
-101011011
In base 2, what is 11 + -1101101010?
-1101100111
In base 9, what is 80 - 133?
-43
In base 14, what is -5 + 27?
22
In base 15, what is -42b + -1?
-42c
In base 4, what is 2001 + 0?
2001
In base 9, what is 255 - 4?
251
In base 11, what is 1 + -11?
-10
In base 2, what is -1000001001 - 0?
-1000001001
In base 2, what is 1 + -110100000?
-110011111
In base 12, what is 15 - 1?
14
In base 12, what is 3 - 1b?
-18
In base 15, what is 2 + -24?
-22
In base 10, what is -198 + 10?
-188
In base 13, what is 1 - -145?
146
In base 3, what is 20 + -1022101?
-1022011
In base 6, what is 1 + 2251?
2252
In base 16, what is 1fe + 0?
1fe
In base 5, what is -2312 - 21?
-2333
In base 6, what is 15454 + -3?
15451
In base 5, what is 11 + -30041?
-30030
In base 2, what is -111111101000 - -101?
-111111100011
In base 5, what is -10 - 2031?
-2041
In base 10, what is 2264 - 4?
2260
In base 8, what is 0 + -3553?
-3553
In base 8, what is -1636 + 5?
-1631
In base 16, what is -7 - 7?
-e
In base 13, what is -1aa + 20?
-18a
In base 15, what is 13e - -4?
143
In base 9, what is -182 - 2?
-184
In base 3, what is 2 + -10002?
-10000
In base 4, what is 100 - 12?
22
In base 12, what is 3 - -2b05?
2b08
In base 13, what is 4 - 5b?
-57
In base 11, what is -202 - -4?
-1a9
In base 13, what is 21 - 1?
20
In base 16, what is -185 + 7?
-17e
In base 16, what is 7 + -62?
-5b
In base 11, what is -3 - 1?
-4
In base 3, what is 11 - -102012?
102100
In base 16, what is -39 + 40?
7
In base 3, what is 22 + 212?
1011
In base 16, what is -d - 72f?
-73c
In base 13, what is 342 - -2?
344
In base 2, what is 1010100 - 100?
1010000
In base 14, what is -1 - 8?
-9
In base 16, what is -ce - 0?
-ce
In base 3, what is 11010220 - 12?
11010201
In base 9, what is -1 + -806?
-807
In base 6, what is -10544 - -3?
-10541
In base 15, what is 2 + 27c?
27e
In base 13, what is -156 - -3?
-153
In base 15, what is -5 - -10e7?
10e2
In base 3, what is 10112 + 10?
10122
In base 8, what is 23 - -703?
726
In base 15, what is 37 + 3?
3a
In base 15, what is -1 + -8db?
-8dc
In base 16, what is -5e - -3?
-5b
In base 7, what is 3 - -102?
105
In base 6, what is 150 - -10?
200
In base 13, what is c - 116?
-107
In base 5, what is 10 - 14?
-4
In base 12, what is 4b - 5?
46
In base 6, what is -11 - -121?
110
In base 6, what is -4 + -1232?
-1240
In base 4, what is 1 + -111?
-110
In base 6, what is 1 - -114?
115
In base 9, what is 38 + -21?
17
In base 15, what is -136 + -2?
-138
In base 6, what is 12 + -43?
-31
In base 13, what is 47 + -a?
3a
In base 6, what is -5 + 302?
253
In base 3, what is -11 + 200?
112
In base 6, what is 3 + -144?
-141
In base 3, what is -1 - 22220?
-22221
In base 16, what is -24c - 5?
-251
In base 11, what is 32 + -6?
27
In base 9, what is -543 + 3?
-540
In base 16, what is -c33 + 0?
-c33
In base 11, what is -104 + -82?
-186
In base 16, what is 5 + -d6b?
-d66
In base 11, what is -10 - -98?
88
In base 8, what is 0 - -72?
72
In base 9, what is 107 - -6?
114
In base 9, what is -17 + -688?
-716
In base 7, what is -163 - 163?
-356
In base 8, what is 20 - -7?
27
In base 2, what is -10011 + -11001110100?
-11010000111
In base 15, what is -2 - -1e?
1c
In base 6, what is -21 - 113?
-134
In base 11, what is 194 + -4?
190
In base 9, what is 151 - 3?
147
In base 6, what is -254 - 4?
-302
In base 8, what is -53 + -17?
-72
In base 2, what is -10111101 - -101010?
-10010011
In base 5, what is 142 + -1010?
-313
In base 9, what is 481 - 1?
480
In base 10, what is 3 + -125?
-122
In base 7, what is -623 + -1?
-624
In base 14, what is a0 + -12?
8c
In base 15, what is 305 + -5?
300
In base 12, what is -1664 + -3?
-1667
In base 2, what is 100000010011011 - 100?
100000010010111
In base 16, what is -7 + -7ff?
-806
In base 5, what is -12402 + 4?
-12343
In base 6, what is -13 + -5?
-22
In base 3, what is -1021 - -22?
-222
In base 13, what is 32 + 10?
42
In base 12, what is -2 + 43?
41
In base 2, what is 100 - 101111010?
-101110110
In base 10, what is -7 + -32?
-39
In base 8, what is 3 - 1412?
-1407
In base 15, what is -5 - 58?
-5d
In base 12, what is 293 - 2?
291
In base 2, what is -110 + 11?
-11
In base 10, what is -192 + -12?
-204
In base 14, what is -107b + -6?
-1083
In base 13, what is -55 - -3?
-52
In base 13, what is 0 + -103?
-103
In base 12, what is 13 + 9?
20
In base 2, what is 11011011110 + 1?
11011011111
In base 16, what is -2 - -9f?
9d
In base 12, what is 28 + 2b9?
325
In base 16, what is 0 + 1fd?
1fd
In base 15, what is a + 33?
3d
In base 4, what is 102 - -3322?
10030
In base 14, what is -1 + 40?
3d
In base 8, what is 36 - 1?
35
In base 11, what is 1 + a62?
a63
In base 12, what is -337 + -4?
-33b
In base 14, what is 4 - -13?
17
In base 16, what is -202 + 4?
-1fe
In base 16, what is -3e + 3?
-3b
In base 4, what is -23120 + 0?
-23120
In base 11, what is -36 - 0?
-36
In base 16, what is 72 - e?
64
In base 7, what is -6 + -3?
-12
In base 7, what is 4 - 6023?
-6016
In base 3, what is -20021 - -21?
-20000
In base 3, what is 1222 + 10?
2002
In base 4, what is 0 + 13?
13
In base 5, what is 3021 + 10?
3031
In base 8, what is 4 + 12?
16
In base 7, what is 3 + -11216?
-11213
In base 14, what is 16c - 2a?
142
In base 5, what is 3 + 1231?
1234
In base 6, what is 112 - 34?
34
In base 2, what is 10010 + -111111?
-101101
In base 5, what is 0 - -11434?
11434
In base 5, what is -1442 + -10?
-2002
In base 12, what is 8b - -3?
92
In base 15, what is 16 - 0?
16
In base 10, what is -155 - 4?
-159
In base 8, what is 1000 - 5?
773
In base 10, what is 1015 + -2?
1013
In base 6, what is 112012 - 5?
112003
In base 16, what is -16 - -3b?
25
In base 4, what is -2211 + -10?
-2221
In base 7, what is 404 - 2?
402
In base 2, what is 1010111110001 - -1?
1010111110010
In base 3, what is 10111 - 10?
10101
In base 15, what is -1 - 2e?
-30
In base 2, what is -11 + 101010011?
101010000
In base 6, what is -1 + -135?
-140
In base 5, what is 1032 + 3?
1040
In base 13, what is 740 + 3?
743
In base 9, what is -178 - 2?
-181
In base 4, what is -20 + -31?
-111
In base 10, what is 318 + 4?
322
In base 13, what is -8 - -1689?
1681
In base 4, what is 201123 - 2?
201121
In base 15, what is 5 + 26e?
274
In base 4, what is 33 + 30?
123
In base 6, what is -44 - 1051?
-1135
In base 10, what is 588 - 4?
584
In base 13, what is 101 - 7?
c7
In base 4, what is 1011 - 10?
1001
In base 4, what is 1 - -10?
11
In base 16, what is 10a - -3?
10d
In base 6, what is 2442 + 3?
2445
In base 14, what is -80 - 4?
-84
In base 11, what is 1159 + 3?
1161
In base 4, what is 31330 + -1?
31323
In base 15, what is -8 - -1a?
12
In base 2, what is -110010 + -100?
-110110
In base 13, what is -3b + 16?
-25
In base 15, what is 2e + -1?
2d
In base 10, what is -1 - -807?
806
In base 3, what is 21 + 10?
101
In base 13, what is -1 + a?
9
In base 12, what is 267 + -2?
265
In base 5, what is 0 + 120114?
120114
In base 11, what is -2 - -47?
45
In base 6, what is 1 - 100?
-55
In base 15, what is 620 - -4?
624
In base 8, what is 1017 - -2?
1021
In base 5, what is -10141 + 2?
-10134
In base 3, what is 2 - 1211?
-1202
In base 9, what is 5 - 6?
-1
In base 15, what is -c19 + -1?
-c1a
In base 3, what is 1 + 1200?
1201
In base 13, what is -17b - 3?
-181
In base 8, what is -1 + 400?
377
In base 4, what is 1202120 + -3?
1202111
In base 4, what is -222 + -2122?
-3010
In base 2, what is -11 - 1010000010?
-1010000101
In base 14, what is 73a + -2?
738
In base 3, what is -101121 + 0?
-101121
In base 13, what is 127 + -3c?
b8
In base 13, what is 2 + 373?
375
In base 3, what is -22 - 12?
-111
In base 5, what is 333 + -143?
140
In base 4, what is -2000 - -2?
-1332
In base 13, what is 44 + 18?
5c
In base 4, what is 20 - -20322?
21002
In base 4, what is -10 +